{"id":147,"date":"2018-03-13T09:08:18","date_gmt":"2018-03-13T08:08:18","guid":{"rendered":"http:\/\/karate-stoernstein.de\/?page_id=147"},"modified":"2018-07-23T19:45:52","modified_gmt":"2018-07-23T18:45:52","slug":"ueber-uns","status":"publish","type":"page","link":"https:\/\/karate-stoernstein.de\/?page_id=147","title":{"rendered":"\u00dcber uns"},"content":{"rendered":"<p>Das Karate Dojo St\u00f6rnstein wurde im Februar 2000 als Abteilung des SV 1949 St\u00f6rnstein e.V. gegr\u00fcndet.<\/p>\n<p>Die Gr\u00fcndungsmitglieder waren Bernd Kriegler, Yavuz Ayaz und Haydar Ayaz.<\/p>\n<p>Unser Verein ist\u00a0Mitglied beim SV 1949 St\u00f6rnstein e.V., BLSV, Deutschen Karate Verband e.V. (DKV) und Bayerischen Karate Bund e.V., versichert:bei ARAG Sportversicherung \u00fcber den BLSV.<\/p>\n<p>Seit der Gr\u00fcndung werden neben dem w\u00f6chentlichem Training regelm\u00e4\u00dfig Anf\u00e4nger- und Fortbildungskurse durchgef\u00fchrt.<\/p>\n<p>Unser Ziel:\u00a0Fitness durch geistige und k\u00f6rperliche \u00dcbungen, K\u00f6rperbeherrschung und Selbstverteidigung.<\/p>\n<p>Ein fester Bestandteil f\u00fcr die Mitglieder des Karate Dojo St\u00f6rnstein sind auch die j\u00e4hrlichen gemeinsamen Unternehmungen wie Ausfl\u00fcge, Zusammenk\u00fcnfte, Stammtisch und Weihnachtsfeiern, sowie die Teilnahmen an Fortbildungskursen und der respektvolle Umgang mit den Mitmenschen und die Weitergabe der Lehre des Karate Do.<\/p>\n<p>&nbsp;<\/p>\n<p>Vereinsbeitrag:<\/p>\n\n<table id=\"tablepress-2\" class=\"tablepress tablepress-id-2\">\n<tbody class=\"row-striping row-hover\">\n<tr class=\"row-1\">\n\t<td class=\"column-1\">bis 14 Jahre<\/td><td class=\"column-2\">48 \u20ac<\/td>\n<\/tr>\n<tr class=\"row-2\">\n\t<td class=\"column-1\">14-18 Jahre<\/td><td class=\"column-2\">53 \u20ac<\/td>\n<\/tr>\n<tr class=\"row-3\">\n\t<td class=\"column-1\">\u00fcber 18 Jahre<\/td><td class=\"column-2\">78\u20ac<\/td>\n<\/tr>\n<tr class=\"row-4\">\n\t<td class=\"column-1\">Familienbeitrag<\/td><td class=\"column-2\">85 \u20ac<br \/>\nzzgl. pro Person<br \/>\n23 \u20ac bis 14 Jahre<br \/>\n28 \u20ac \u00fcber 14 Jahre<\/td>\n<\/tr>\n<\/tbody>\n<\/table>\n<!-- #tablepress-2 from cache -->\n<p>&nbsp;<\/p>\n<p>Anmeldung ca. 15 Minuten vor dem Training oder bei<\/p>\n<p>Markus Reisnecker, Fichtenweg 20, 92721 St\u00f6rnstein<\/p>\n<p>Email:\u00a0<a href=\"mailto:karate-dojo@sv-stoernstein.de\">karate-dojo@sv-stoernstein.de<\/a><\/p>\n<p>Internet: www.karate-stoernstein.de Mobil 01736125222 ab 18:00 Uhr.<br \/>\nAnf\u00e4ngerkurse werden im Training, im Internet oder in der Tageszeitung bekannt gegeben, die Kursgeb\u00fchr betr\u00e4gt 20,00 Euro. Mitmachen: kann jede( r), ab dem 6. Lebensjahr.<\/p>\n<p>Mitzubringen sind beim Anf\u00e4ngerkurs nur ein Trainingsanzug oder leichte Kleidung, Duschzeug und Handt\u00fccher. Wiedereinsteiger tragen ein Karategi.<\/p>\n","protected":false},"excerpt":{"rendered":"<p>Das Karate Dojo St\u00f6rnstein wurde im Februar 2000 als Abteilung des SV 1949 St\u00f6rnstein e.V. gegr\u00fcndet. Die Gr\u00fcndungsmitglieder waren Bernd Kriegler, Yavuz Ayaz und Haydar Ayaz. Unser Verein ist\u00a0Mitglied beim SV 1949 St\u00f6rnstein e.V., BLSV, Deutschen Karate Verband e.V. (DKV) und Bayerischen Karate Bund e.V., versichert:bei ARAG Sportversicherung \u00fcber den [&hellip;]<\/p>\n","protected":false},"author":1,"featured_media":0,"parent":0,"menu_order":0,"comment_status":"closed","ping_status":"closed","template":"","meta":{"footnotes":""},"class_list":["post-147","page","type-page","status-publish","hentry"],"_links":{"self":[{"href":"https:\/\/karate-stoernstein.de\/index.php?rest_route=\/wp\/v2\/pages\/147","targetHints":{"allow":["GET"]}}],"collection":[{"href":"https:\/\/karate-stoernstein.de\/index.php?rest_route=\/wp\/v2\/pages"}],"about":[{"href":"https:\/\/karate-stoernstein.de\/index.php?rest_route=\/wp\/v2\/types\/page"}],"author":[{"embeddable":true,"href":"https:\/\/karate-stoernstein.de\/index.php?rest_route=\/wp\/v2\/users\/1"}],"replies":[{"embeddable":true,"href":"https:\/\/karate-stoernstein.de\/index.php?rest_route=%2Fwp%2Fv2%2Fcomments&post=147"}],"version-history":[{"count":8,"href":"https:\/\/karate-stoernstein.de\/index.php?rest_route=\/wp\/v2\/pages\/147\/revisions"}],"predecessor-version":[{"id":365,"href":"https:\/\/karate-stoernstein.de\/index.php?rest_route=\/wp\/v2\/pages\/147\/revisions\/365"}],"wp:attachment":[{"href":"https:\/\/karate-stoernstein.de\/index.php?rest_route=%2Fwp%2Fv2%2Fmedia&parent=147"}],"curies":[{"name":"wp","href":"https:\/\/api.w.org\/{rel}","templated":true}]}}

Über uns

<p>Das Karate Dojo Störnstein wurde im Februar 2000 als Abteilung des SV 1949 Störnstein e.V. gegründet.</p>
<p>Die Gründungsmitglieder waren Bernd Kriegler, Yavuz Ayaz und Haydar Ayaz.</p>
<p>Unser Verein ist Mitglied beim SV 1949 Störnstein e.V., BLSV, Deutschen Karate Verband e.V. (DKV) und Bayerischen Karate Bund e.V., versichert:bei ARAG Sportversicherung über den BLSV.</p>
<p>Seit der Gründung werden neben dem wöchentlichem Training regelmäßig Anfänger- und Fortbildungskurse durchgeführt.</p>
<p>Unser Ziel: Fitness durch geistige und körperliche Übungen, Körperbeherrschung und Selbstverteidigung.</p>
<p>Ein fester Bestandteil für die Mitglieder des Karate Dojo Störnstein sind auch die jährlichen gemeinsamen Unternehmungen wie Ausflüge, Zusammenkünfte, Stammtisch und Weihnachtsfeiern, sowie die Teilnahmen an Fortbildungskursen und der respektvolle Umgang mit den Mitmenschen und die Weitergabe der Lehre des Karate Do.</p>
<p>&nbsp;</p>
<p>Vereinsbeitrag:</p>

<table id="tablepress-2" class="tablepress tablepress-id-2">
<tbody class="row-striping row-hover">
<tr class="row-1">
	<td class="column-1">bis 14 Jahre</td><td class="column-2">48 €</td>
</tr>
<tr class="row-2">
	<td class="column-1">14-18 Jahre</td><td class="column-2">53 €</td>
</tr>
<tr class="row-3">
	<td class="column-1">über 18 Jahre</td><td class="column-2">78€</td>
</tr>
<tr class="row-4">
	<td class="column-1">Familienbeitrag</td><td class="column-2">85 €<br />
zzgl. pro Person<br />
23 € bis 14 Jahre<br />
28 € über 14 Jahre</td>
</tr>
</tbody>
</table>
<!-- #tablepress-2 from cache -->
<p>&nbsp;</p>
<p>Anmeldung ca. 15 Minuten vor dem Training oder bei</p>
<p>Markus Reisnecker, Fichtenweg 20, 92721 Störnstein</p>
<p>Email: <a href="mailto:karate-dojo@sv-stoernstein.de">karate-dojo@sv-stoernstein.de</a></p>
<p>Internet: www.karate-stoernstein.de Mobil 01736125222 ab 18:00 Uhr.<br />
Anfängerkurse werden im Training, im Internet oder in der Tageszeitung bekannt gegeben, die Kursgebühr beträgt 20,00 Euro. Mitmachen: kann jede( r), ab dem 6. Lebensjahr.</p>
<p>Mitzubringen sind beim Anfängerkurs nur ein Trainingsanzug oder leichte Kleidung, Duschzeug und Handtücher. Wiedereinsteiger tragen ein Karategi.</p>

<p>Das Karate Dojo Störnstein wurde im Februar 2000 als Abteilung des SV 1949 Störnstein e.V. gegründet. Die Gründungsmitglieder waren Bernd Kriegler, Yavuz Ayaz und Haydar Ayaz. Unser Verein ist Mitglied beim SV 1949 Störnstein e.V., BLSV, Deutschen Karate Verband e.V. (DKV) und Bayerischen Karate Bund e.V., versichert:bei ARAG Sportversicherung über den [&hellip;]</p>
